he ten thousands digit of 3616318?
1
What is the units digit of 13408848?
8
What is the ten thousands digit of 2359339?
5
What is the units digit of 587584?
4
What is the hundred thousands digit of 114568?
1
What is the thousands digit of 820954?
0
What is the hundreds digit of 1213449?
4
What is the hundred thousands digit of 890770?
8
What is the hundreds digit of 184766?
7
What is the hundred thousands digit of 6760889?
7
What is the tens digit of 6653065?
6
What is the tens digit of 5880452?
5
What is the thousands digit of 6528361?
8
What is the tens digit of 1312909?
0
What is the hundred thousands digit of 3026754?
0
What is the thousands digit of 70846?
0
What is the ten thousands digit of 1897370?
9
What is the units digit of 1924778?
8
What is the ten thousands digit of 401147?
0
What is the millions digit of 4509306?
4
What is the tens digit of 6935857?
5
What is the units digit of 8848573?
3
What is the units digit of 96083?
3
What is the millions digit of 1594328?
1
What is the hundred thousands digit of 748206?
7
What is the ten thousands digit of 274834?
7
What is the units digit of 6363324?
4
What is the ten thousands digit of 193845?
9
What is the thousands digit of 841269?
1
What is the tens digit of 3548443?
4
What is the hundreds digit of 575731?
7
What is the tens digit of 319320?
2
What is the ten thousands digit of 2672469?
7
What is the units digit of 19062363?
3
What is the units digit of 5713838?
8
What is the tens digit of 866281?
8
What is the tens digit of 19698?
9
What is the hundreds digit of 199152?
1
What is the thousands digit of 9380?
9
What is the hundreds digit of 492009?
0
What is the tens digit of 4385644?
4
What is the hundreds digit of 3816132?
1
What is the millions digit of 4900826?
4
What is the hundreds digit of 4253823?
8
What is the millions digit of 6397650?
6
What is the units digit of 2366645?
5
What is the ten thousands digit of 329025?
2
What is the hundreds digit of 1277157?
1
What is the ten millions digit of 31944312?
3
What is the units digit of 83133?
3
What is the tens digit of 6910094?
9
What is the thousands digit of 391874?
1
What is the hundreds digit of 40608?
6
What is the thousands digit of 15952176?
2
What is the units digit of 586935?
5
What is the hundred thousands digit of 17673808?
6
What is the ten thousands digit of 2107176?
0
What is the millions digit of 20690688?
0
What is the tens digit of 460520?
2
What is the hundreds digit of 16452203?
2
What is the hundreds digit of 203825?
8
What is the ten thousands digit of 285109?
8
What is the hundred thousands digit of 265987?
2
What is the hundreds digit of 235827?
8
What is the tens digit of 2453803?
0
What is the tens digit of 145331?
3
What is the ten thousands digit of 4401252?
0
What is the units digit of 8251220?
0
What is the units digit of 1881106?
6
What is the hundreds digit of 2166804?
8
What is the hundred thousands digit of 261069?
2
What is the thousands digit of 3491216?
1
What is the tens digit of 1113462?
6
What is the ten thousands digit of 692185?
9
What is the hundreds digit of 835996?
9
What is the hundred thousands digit of 37893836?
8
What is the ten thousands digit of 389856?
8
What is the tens digit of 830393?
9
What is the hundreds digit of 10923888?
8
What is the thousands digit of 166223?
6
What is the thousands digit of 1501546?
1
What is the hundreds digit of 274811?
8
What is the hundred thousands digit of 4167985?
1
What is the units digit of 213923?
3
What is the millions digit of 1397535?
1
What is the tens digit of 95100?
0
What is the units digit of 101245?
5
What is the millions digit of 2581929?
2
What is the thousands digit of 1878234?
8
What is the thousands digit of 75846?
5
What is the units digit of 2509511?
1
What is the thousands digit of 2050067?
0
What is the tens digit of 930332?
3
What is the hundreds digit of 72081?
0
What is the hundreds digit of 1824906?
9
What is the tens digit of 23305362?
6
What is the ten thousands digit of 61330?
6
What is the millions digit of 4417232?
4
What is the hundreds digit of 269443?
4
What is the units digit of 1920381?
1
What is the thousands digit of 8694221?
4
What is the millions digit of 11856509?
1
What is the units digit of 1951229?
9
What is the ten thousands digit of 827936?
2
What is the ten thousands digit of 902027?
0
What is the hundred thousands digit of 386604?
3
What is the millions digit of 23310504?
3
What is the hundreds digit of 23229124?
1
What is the tens digit of 621143?
4
What is the ten thousands digit of 1606019?
0
What is the thousands digit of 4385?
4
What is the millions digit of 39755272?
9
What is the ten millions digit of 25516983?
2
What is the hundreds digit of 273955?
9
What is the ten thousands digit of 213170?
1
What is the thousands digit of 2324602?
4
What is the units digit of 140651?
1
What is the units digit of 1592354?
4
What is the hundreds digit of 253933?
9
What is the ten thousands digit of 2248829?
4
What is the thousands digit of 177004?
7
What is the tens digit of 27471?
7
What is the ten thousands digit of 12204019?
0
What is the hundred thousands digit of 377565?
3
What is the units digit of 27945965?
5
What is the tens digit of 10735?
3
What is the millions digit of 1788809?
1
What is the units digit of 242730?
0
What is the ten thousands digit of 13370161?
7
What is the units digit of 445495?
5
What is the hundreds digit of 280711?
7
What is the tens digit of 5169606?
0
What is the hundreds digit of 8473971?
9
What is the tens digit of 989361?
6
What is the tens digit of 2977332?
3
What is the ten thousands digit of 23834017?
3
What is the millions digit of 4684896?
4
What is the hundreds digit of 19892431?
4
What is the thousands digit of 3878755?
8
What is the thousands digit of 4932013?
2
What is the units digit of 1722815?
5
What is the hundred thousands digit of 2055663?
0
What is the hundreds digit of 864021?
0
What is the hundred thousands digit of 2377406?
3
What is the hundreds digit of 10030865?
8
What is the ten thousands digit of 144123?
4
What is the ten millions digit of 12728661?
1
What is the ten thousands digit of 195344?
9
What is the hundred thousands digit of 217096?
2
What is the hundreds digit of 887771?
7
What is the ten thousands digit of 61330?
6
What is the thousands digit of 1135082?
5
What is the millions digit of 1049340?
1
What is the tens digit of 1534143?
4
What is the tens digit of 372298?
9
What is the hundreds digit of 64382?
3
What is the thousands digit of 1047180?
7
What is the millions digit of 3130792?
3
What is the ten millions digit of 37124247?
3
What is the units digit of 796882?
2
What is the tens digit of 6635635?
3
What is the thousands digit of 669688?
9
What is the thousands digit of 12953761?
3
What is the units digit of 13017255?
5
What is the hundred thousands digit of 540094?
5
What is the hundreds digit of 5063670?
6
What is the tens digit of 753371?
7
What is the tens digit of 2488168?
6
What is the thousands digit of 127481?
7
What is the millions digit of 7696607?
7
What is the units digit of 12366512?
2
What is the hundreds digit of 667521?
5
What is the thousands digit of 19677585?
7
What is the thousands digit of 387620?
7
What is the units digit of 110016?
6
What is the tens digit of 1246557?
5
What is the thousands digit of 1383914?
3
What is the ten thousands digit of 650202?
5
What is the units digit of 629230?
0
What is the units digit of 166947?
7
What is the tens digit of 3350559?
5
What is the thousands digit of 1597030?
7
What is the tens digit of 8165694?
9
What is the ten thousands digit of 672924?
7
What is the hundreds digit of 2506636?
6
What is the millions digit of 4384916?
4
What is the ten thousands digit of 1542534?
4
What is the tens digit of 4076992?
9
What is the ten millions digit of 17344949?
1
What is the millions digit of 3731835?
3
What is the hundred thousands digit of 8012422?
0
What is the thousands digit of 9302207?
2
What is the units digit of 1576560?
0
What is the tens digit of 3820488?
8
What is the ten thousands digit of 23345742?
4
What is the ten thousands digit of 3623544?
2
What is the millions digit of 2677349?
2
What is the hundreds digit of 139006?
0
What is the units digit of 977402